/105. What is the remainder when 44 is divided by (-15)/6*(x/10)/c?
5
Suppose 3*f + 5*r = -f + 36, 0 = -6*f - 2*r + 54. Calculate the remainder when 1330 is divided by f.
7
Suppose -9*i + 3*w + 482 = -5*i, w + 597 = 5*i. What is the remainder when i is divided by 24?
23
Suppose -314 = -5*q - 4*r + 498, -4*r = -32. What is the remainder when 2615 is divided by q?
119
Suppose 52*w = 10*w - 9*w + 3060. What is the remainder when 226 is divided by w?
46
Suppose 0 = -m - 3, -5*m - 712 = -4*b + 1707. Suppose 52*n - b = 23. Calculate the remainder when 65 is divided by n.
5
Let z(w) = -201*w + 2738. Calculate the remainder when z(-76) is divided by 21.
17
Let x = -122 + 130. Let c(z) = z**2 + 10*z + 8. Let j be c(-9). Calculate the remainder when 1/j*(1 + -32) is divided by x.
7
Suppose -526 = 7*q + 55. Let p = q + 83. Suppose -x + 47 = -p*x. Calculate the remainder when 185 is divided by x.
44
Let l = -3708 - -3721. Calculate the remainder when 2610 is divided by l.
10
Suppose 44501 = -246*m + 157169. What is the remainder when 1856 is divided by m?
24
Suppose -2*g = h + h - 20, 0 = -5*g + 20. Let f be -4 - (52 - h/3). Let x = f - -62. Calculate the remainder when x is divided by 4.
0
Let a = -271 + 148. Let o = 147 + a. What is the remainder when 82 is divided by o?
10
Suppose 174 = -3*i - 9. Let f = i + 64. Suppose -f*r + 2*x + 50 = -0*x, -2*r - 5*x = -65. What is the remainder when 77 is divided by r?
17
Let b(j) = 3*j**2 + 4*j + 15. Let x be b(6). Let c = x + -111. What is the remainder when 87 is divided by c?
15
Let z be 5*(36/(-10))/(-3). Let g be (-2)/(-6) - 80/(-12). Suppose -g*v + z*v = -99. Calculate the remainder when v is divided by 25.
24
Let b be 7/(-7)*(-1 + -21). Suppose -312 = 10*f - b*f. What is the remainder when 43 is divided by f?
17
Let m = -453 - -506. Let q = 959 + -642. Calculate the remainder when q is divided by m.
52
Let m(h) = -5*h + 741*h**2 + 9*h + 6 - 742*h**2 - 14 + 12*h. Calculate the remainder when 170 is divided by m(7).
5
Let d(u) = 3*u**2 - 4*u + 4. What is the remainder when d(4) is divided by 26/(13/(-78)*-2*6)?
10
Let v(y) = -2*y**2 + 9*y + 42. Let p = 52 + -39. Let w be v(p). Let a = -69 - w. Calculate the remainder when a is divided by 16.
14
Suppose 0 = 368*m - 67*m - 399395 + 12911. Calculate the remainder when m is divided by 28.
24
Suppose -94*w = -7*w - 7743. Calculate the remainder when w is divided by 4.
1
Let a be 4/120*-5 - 707/6. Let j = 124 + a. What is the remainder when 34 is divided by j?
4
Let w = -5825 - -5959. Calculate the remainder when w is divided by 24.
14
Let g(h) = h**3 - 68*h**2 - 66*h - 178. Calculate the remainder when 200 is divided by g(69).
26
Suppose 0 = -3*t - 5*p + 41, p + 5 - 16 = -t. Let g(s) = 32*s - 123. Calculate the remainder when g(t) is divided by 41.
19
Suppose -2*g = -3*a + 28 + 27, 3*a = 4*g + 53. Let u(n) = 2*n**3 - 6*n**2 + 73*n - 397. Calculate the remainder when u(5) is divided by a.
11
Let p be (-1)/((-14)/20)*-21. Let c = p - -79. Calculate the remainder when 242 is divided by c.
46
Let g(p) = 2*p**2 + 23*p + 10. Suppose -20*x = -13*x + 35. What is the remainder when x/(-1) - 2 - 768/(-6) is divided by g(-12)?
21
Let f(a) = a**3 + 8*a**2 + 11*a - 2. Let i = -186 + 109. Let v = -82 - i. What is the remainder when f(v) is divided by 5?
3
Suppose 265 = 6*q + 55. Suppose -25*o + q*o = 5140. Calculate the remainder when o is divided by 43.
41
Let v(o) = -5*o**3 - 7*o**2 - 4*o - 3. Let q(p) = -p**2 + 10*p. Let s be q(8). Suppose 0 = s*k - 12*k - 56. What is the remainder when v(-3) is divided by k?
11
Let c(w) = -w + 10. Let g be c(10). Suppose g = d - 15. Let r = -3015 + 3070. What is the remainder when r is divided by d?
10
Let c be -1*26*2044/8. What is the remainder when 68 is divided by (-1 - 2/6) + c/(-219)?
10
Let w = 155 - 148. Suppose y = 1, w*a - 3*a - 3*y = 569. Let c(j) = 4*j**2 - 6*j - 4. What is the remainder when a is divided by c(4)?
35
Let r = -38 - -78. Calculate the remainder when 2 - -45*(0 - -2) is divided by 0 + (r + -4 - 5).
30
Let g(y) = 2*y**3 - 2*y**2 - y - 4. Let z be ((-3)/(-2))/((-35)/(-10) + -3). What is the remainder when g(z) is divided by (0 + 3)/((-30)/(-80))?
5
Let a(u) = -u**2 + 13*u + 234. Let r be a(36). Let f = r - -602. Calculate the remainder when 14 is divided by f.
6
Suppose -12*q = -6*q - 24. Calculate the remainder when q is divided by 658/752 - 1/(-8).
0
Suppose -2*u = -4*b - 57 + 21, 0 = -3*u + 5*b + 59. Calculate the remainder when 2263 is divided by u.
23
Let h be ((-4)/2)/(4/(-38)). Suppose 5*k + h - 120 = -3*s, -2*k = 10. What is the remainder when s is divided by 17 - 1/1 - 1?
12
Let o(x) = x**2 - 9*x + 6. Let w be o(5). Let u be 54/w + (-5)/35. What is the remainder when 66 is divided by 120/u*(-2)/5?
6
Let u(z) = -7*z + 2. Let d(l) = -l. Let f(q) = -34*d(q) + 6*u(q). What is the remainder when 214 is divided by f(-3)?
34
Let c be (6/8)/(2/24). Let k be 21/c + (-3)/9. Let z(v) = 17*v + 2. What is the remainder when 142 is divided by z(k)?
34
Suppose 5*u - 1 = 2*x, -5 = -x - 6*u + 3*u. Suppose 2*r - x*f = -304 - 42, 2*r = 3*f - 345. Let w = -111 - r. Calculate the remainder when w is divided by 23.
17
Let t(c) = -5*c + 36. Let b be t(6). Suppose 0 = -b*n + 187 + 113. Calculate the remainder when n is divided by 9.
5
Suppose -2*i - 2*b + 510 = 2*b, 4*b + 1056 = 4*i. Suppose 2*z + t - 204 = -z, 5*t - 96 = -z. What is the remainder when i is divided by z?
63
Suppose 53*p - 128 = 49*p - 4*h, 130 = 4*p + 2*h. What is the remainder when 97 is divided by p?
31
Let s(t) = -t**2 - 30*t - 153. Let i = 727 - 745. What is the remainder when 131 is divided by s(i)?
5
Suppose 177 = 5*n - 133. Suppose -11*v = -9*v - 31 - 339. What is the remainder when v is divided by n?
61
Calculate the remainder when 119/17 - (2 + 6) - -897 is divided by 23.
22
Let b = 71491 + -71420. Let d(w) = -3*w**3 + 5*w**2 + 9*w - 6. Calculate the remainder when d(-7) is divided by b.
69
Let y(u) be the third derivative of u**6/120 + 3*u**5/20 + 5*u**4/24 - 29*u**3/6 + 44*u**2 - 2. What is the remainder when 66 is divided by y(-7)?
32
Suppose -70*a = -60*a - 120. What is the remainder when 587 is divided by a?
11
Let q = 1981 - 1761. What is the remainder when q is divided by 172?
48
Let u(t) = 25*t - 106. Calculate the remainder when u(61) is divided by 470.
9
Let g = 54 + -10. Let u = -10 - -15. Suppose -u*s = -2*s - 48. What is the remainder when g is divided by s?
12
Let n be (-3 - 2)*(-3)/(-5). Let d be (9 + 0)/(1*3/n). What is the remainder when ((-21)/9)/((-4)/(-16))*d is divided by 13?
6
Let j = -2477 - -2518. What is the remainder when 530 is divided by j?
38
Let j = -12 + 18. Let h(g) = -7*g + g - g**2 + 21 - 17 + 0*g. Calculate the remainder when j is divided by h(-6).
2
Let a(u) = -35*u. Let w be a(0). Suppose w = -4*k - v + 167, 28 = 5*k + 5*v - 162. Calculate the remainder when 145 is divided by k.
16
What is the remainder when 1491 is divided by 6 - 16/(112/(-21))?
6
Suppose -3*b = -883 - 3812. Calculate the remainder when b is divided by 14.
11
Let u = 32580 - 31955. Calculate the remainder when u is divided by 37.
33
Let v(p) = 5*p - 1. Let f(j) = -j**2 - 7*j + 7. Let q be f(-6). Let k be v(q). Suppose 9*c - 8 = k. What is the remainder when 13 is divided by c?
5
Let m be 2*1 - (-3 - 366/6). Suppose 4*d = -0*d. Suppose 0 = -d*c + 3*c - m. What is the remainder when 42 is divided by c?
20
Suppose -25*c - 754 + 2204 = 0. What is the remainder when 2897 is divided by c?
55
Suppose 4*h + 4 - 21 = 3*q, -h + 8 = 3*q. Suppose 4*o = -q + 45. What is the remainder when 90 is divided by o?
2
Let f(z) = 9*z**2 + 3*z + 264. Let k = -4 - -18. What is the remainder when f(0) is divided by k?
12
Let u(b) = -b**3 + 13*b**2 + 32*b - 107. What is the remainder when u(11) is divided by 48?
7
Let n be -4*1731*7/(-84). Let j = n + -571. What is the remainder when 1*(-2)/6*-51 is divided by j?
5
Suppose 298 = 3*c - 4*a, 5*c - 5*a - 635 = -130. Calculate the remainder when 1752 is divided by c.
56
Suppose 4*z = 10*z - 570. Let y = z - 99. What is the remainder when 1323/(-6)*y/6 is divided by 37?
36
Let r be -3 - (3 + (-52 - 5)). Let i = 53 - r. Suppose 2 + i = q. What is the remainder when 15 is divided by q?
3
Let f = 5478 - 1633. Calculate the remain